 42. Let k(l) = -11*s(l) - 4*x(l). Let w be k(17). Let y(m) = 2*m - 3. What is y(w)?
3
Let t(j) be the second derivative of -j**6/720 + j**5/24 - 9*j**4/4 - 32*j. Let h(k) be the third derivative of t(k). Determine h(4).
1
Let r be -3*(-4 - (-52)/12)*-1. Let q(s) = -2*s + 4 + r - 2*s**2 + 5*s**2 - 4*s**3 - 6. Calculate q(2).
-25
Suppose 20*j - 84 = -j. Let o(p) = 6*p**3 + 20*p**2 - 6*p - 10. Suppose u = -0*u - 11. Let q(z) = z**3 + 4*z**2 - z - 2. Let g(b) = u*q(b) + 2*o(b). Give g(j).
-2
Let y(i) be the first derivative of i**2/2 - 14*i + 1. Let p = 3251 + -3245. Determine y(p).
-8
Let x(r) = 5*r - 6. Let z(a) = 3*a + 1. Let d(v) = x(v) - 2*z(v). Let t be (-4)/6*(0 + (-42)/(-4)). Calculate d(t).
-1
Suppose 146 = -3*h + 149. Let i(n) = 1 + 0*n**3 + 0*n**3 - 2*n + 2*n**3. Calculate i(h).
1
Suppose 2*r = -r + 12. Let m = -1380 + 1398. Suppose 0 = r*p - p + m. Let s(d) = -d. Give s(p).
6
Suppose 10*z - 9*z = 6. Let b(s) = s**3 - 5*s**2 - 7*s + 4. Let w be b(z). Let h(c) = 2 + c - 2 - 1. Give h(w).
-3
Suppose 65 = 2*d + 11*d. Let j(z) = -15*z**2 + 1. Let b(g) = -31*g**2 - g + 3. Let a(u) = d*j(u) - 2*b(u). Determine a(1).
-12
Let v(q) = 53 - 111 - 3*q - 10*q + 58. Calculate v(1).
-13
Let a(q) be the first derivative of -3*q**2/2 + 7*q + 1. Let v = 12044 + -12038. What is a(v)?
-11
Let t(f) be the first derivative of -7*f**2/2 - f + 50. Calculate t(1).
-8
Let d = -30 + 18. Let j be (6/d)/(2/(-8)). Let m(c) = 17*c**j + 4*c + 18*c**2 - 36*c**2 - 5. Calculate m(4).
-5
Let g(f) = 114 + 2*f - 40 - 41 - 34. Suppose l = 2*d - 13, 3 - 26 = l - 4*d. Calculate g(l).
-7
Let y(k) = 4*k + 1. Let j = 10 + -6. Suppose x = -x - 3*l + 4, -l + 8 = j*x. Suppose 5*b - 3 - x = 0. Determine y(b).
5
Let b = -2 - -4. Suppose 0 = 13*r - 15*r + 70. Let k(t) = r - t**2 - t - 18 - 15. What is k(b)?
-4
Let u(p) = -9*p**2 + 4*p + 4. Let f be 8/(3 - 2 - (-1 - -3)). Let s(g) = 28*g**2 - 11*g - 11. Let z(h) = f*u(h) - 3*s(h). Calculate z(-1).
-12
Let a(b) = b**3 - 11*b**2 + 11*b - 7. Let y = -44 + 49. Suppose -4*h - y*t + 15 = 0, -5*t - 9 - 16 = 0. Give a(h).
3
Let g = 235 - 240. Let v(m) = 3*m - 7. Give v(g).
-22
Let c(n) = -2*n - 2. Suppose 23 + 7 = -15*o. What is c(o)?
2
Let h(i) = 28 - 40 + 32 - 68*i + 66*i. Give h(9).
2
Let b be 22/(-6) - (-2 + 4/3). Let d be 1*(b + 2)*4. Let f(j) = -5*j - 8. Let u(s) = -21*s - 33. Let a(o) = 9*f(o) - 2*u(o). Give a(d).
6
Suppose 0 = 3*i - 1 - 17. Let u(z) = -z**3 + 5*z**2 + 6*z - 4. Let f be u(i). Let k = -9 - f. Let p(v) = v**3 + 4*v**2 - 4*v + 6. Determine p(k).
1
Let z(d) = 38*d - 22*d - 17*d + 1 - 6. Determine z(4).
-9
Let i(q) = 3*q - 2. Let l(t) = -3 + 0*t - 1 + 7*t + 1. Let m(d) = -9*i(d) + 4*l(d). Give m(-6).
0
Let i(m) = -2*m - 21. Suppose 2*o = 4 - 32. What is i(o)?
7
Let c be ((-4)/12)/(-1)*6. Let i(u) = u**3 + 2*u**2 + 5*u + 2. Let w(y) = 2*y**3 + 3*y**2 + 6*y + 2. Let f(v) = c*w(v) - 3*i(v). Determine f(-2).
-4
Suppose 10 = 5*l, -2*f + 9 - 5 = -l. Let p(y) = y**2 - 4*y - 2. Calculate p(f).
-5
Let h(f) = -2*f + 8. Let o be ((-45)/(-12) - 2)/((-2)/(-8)). What is h(o)?
-6
Let t = 534 - 525. Let v(a) = -a**3 + 10*a**2 - 8*a - 6. Determine v(t).
3
Let c(b) = -b**3 - 3*b**2 - b - 5. Let f be (-14)/4 + 34/(-68). Give c(f).
15
Let r(c) = -3*c**2 + 7*c - 3. Let y(h) be the third derivative of 7*h**5/60 - 5*h**4/8 + 7*h**3/6 - 6*h**2. Let l(x) = 5*r(x) + 2*y(x). Give l(4).
3
Let z(v) = v - 5. Let h = 203 - 199. Determine z(h).
-1
Let x(j) = -3*j**3 + j**2 - 1. Suppose 0 = 3*u + 5*u + 128. Let h(o) = -3*o - 4. Let t be h(-7). Let w = t + u. Calculate x(w).
-3
Let y(t) be the third derivative of t**6/360 - t**5/30 + t**4/24 - 26*t**3/3 + t**2 - 3*t. Let f(p) be the first derivative of y(p). Give f(3).
-2
Let x(j) = j**3 - 54*j**2 - 2*j + 92. Let m be x(54). Let p(q) = -q - 8. What is p(m)?
8
Let f = 18 - 17. Let c(r) = -r + 4*r - 4*r - f. Let g be 6/(-27) - 32/18. Calculate c(g).
1
Let j(g) = -18 + 23 - 2*g + 0*g + g. What is j(0)?
5
Let r(q) be the first derivative of q**2/2 + 3*q + 166. What is r(5)?
8
Let y(s) = -9*s + 7. Suppose -3*l = 9*l. Let o be y(l). Let v(d) = -d**3 + 6*d**2 + 9*d - 10. Calculate v(o).
4
Let t(i) = -11*i - 1. Let z = 13 + -4. Let j = z - -5. Let u = 15 - j. Give t(u).
-12
Suppose 0 = 3*c + 3*p - 12, -29*c + 25*c = -2*p - 28. Let n(z) = z + 5. Calculate n(c).
11
Suppose -4*q + 48 = -2*h, 5*h - 76 = -6*q + 2*q. Let n(m) = -m + 17. Let j be n(q). Let s(k) = k + 0*k + 0*k. Calculate s(j).
3
Let u(p) = p**2 - 7*p + 6. Let q be u(6). Suppose -j + 2*j + 5 = q. Let i(k) = -k**2 - 6*k - 1. What is i(j)?
4
Let g(d) = -d**3 - 11*d**2 - 6*d + 13. Suppose -16 = 22*p + 204. Give g(p).
-27
Suppose -34 - 356 = -39*q. Let l(d) = -d**2 + 11*d - 14. Give l(q).
-4
Let l(r) = -2*r**2 - r - 1. Suppose -3*c - 31*u + 27*u = 19, 3*c = u - 14. What is l(c)?
-46
Let k(w) be the third derivative of -w**5/120 - w**4/8 + 13*w**3/2 + 34*w**2. Let i(z) be the first derivative of k(z). Determine i(-3).
0
Let y(a) = -a**2 + 6*a - 5. Let d = -22 + -5. Let z be (-2)/(-8) - d/4. What is y(z)?
-12
Let q = 398 + -393. Let m(v) be the third derivative of 7/24*v**4 + 0*v + 0 + 1/60*v**q - 6*v**2 + v**3. Give m(-4).
-6
Let s be (-10)/(-35) + 82/7. Let u = s - 8. Let b be 1/(-6) - u/(-24). Let m(l) = -l**3 + l. Give m(b).
0
Let h(a) = 12*a**3 - 6*a**2 - 5*a**3 + 6*a + 0*a - 6*a**3. Determine h(5).
5
Suppose 12 = 4*k - 6*k. Let o(r) = r**2 - 12*r + 5. Let i(g) = -3*g**2 + 35*g - 14. Let z = -115 - -98. Let n(t) = k*i(t) + z*o(t). Give n(3).
-10
Let a(c) be the first derivative of c**3/3 + 5*c**2/2 + 6*c - 185. Calculate a(-6).
12
Let j(v) = v**3 - 2*v**2 + 3*v - 3. Suppose 5*w = 2*d - 19, 0 = -0*w - 3*w + 5*d. Let m be (-39)/(-3) - (w - -9). Let y = 11 - m. Determine j(y).
3
Suppose 2*o + 15 = 7*o. Let l(f) be the first derivative of -1/3*f**3 - 3*f**2 - o*f + 2. What is l(-6)?
-3
Let p(m) = m - 10. Let v = -30 - -35. Let s be p(v). Let n(l) = 3*l. What is n(s)?
-15
Let f(j) = -2*j - 2. Suppose -2*i + 39 = 31. Suppose m + 2*c = i*m + 16, 3*c = m + 17. Determine f(m).
2
Let n(b) be the third derivative of b**6/12 - b**5/60 + b**4/24 + b**3/6 - 205*b**2. Give n(-1).
-11
Let g(s) = -13*s - 10. Let w be g(-2). Let a = -18 + w. Let f(x) = 4*x**2 + 2*x - 2. What is f(a)?
10
Let q(w) be the second derivative of w**4/6 + 3*w**3/2 + 5*w**2/2 - 305*w. What is q(-6)?
23
Let k(a) = a**3 + 7*a**2 + 6*a - 7. Suppose -2*j = 5*i - 21, 0 = 4*j + 2*i - 0*i - 2. Let s be 64/28 + j/7. Suppose -2*r - s*r = 24. What is k(r)?
-7
Let s(b) be the first derivative of -b**4/12 + 5*b**3/6 + 7*b**2/2 - 26*b + 9. Let q(n) be the first derivative of s(n). Give q(6).
1
Let r(x) = 2 - 25*x**2 + 2 - 5 + 10*x + 24*x**2. Calculate r(10).
-1
Let r(b) = -4*b**3 + 2*b**2 + 5*b - 6. Let a(j) = -6*j**2 - 4*j + 5 + 4*j**2 + 0*j**2 + 3*j**3. Let i(n) = -3*a(n) - 2*r(n). Calculate i(2).
1
Let l(i) = -i**2 + i + 5. Let g be l(0). Suppose 2*x - 19 = g*s, 2*x - 2*s + 7 - 17 = 0. Let z(m) = -6*m + m**x + m + 2 + 4*m**2 - 4*m**2. Calculate z(5).
2
Let t = 823 + -817. Let n(a) be the second derivative of -a**5/20 + a**4/2 + a**3/6 + 3*a**2/2 + 2*a. What is n(t)?
9
Suppose -5*g - 12 = -n + 20, 0 = -5*n + 3*g + 72. Suppose 7*i - 3*i = -n. Let u(p) = -p**3 - 2*p**2 - p + 1. Calculate u(i).
13
Let g(f) = -f**3 + 6*f**2 - f + 1. Let o(i) = -4*i**2 + 16*i + 26. Let d be o(5). Give g(d).
-5
Let k(n) = -n**2 + 2*n + 31. Suppose 0*b + 60 = -12*b. What is k(b)?
-4
Let r(w) be the first derivative of w**2/2 + 3*w + 2. Suppose c = 3*p + 6, -4*p = -5*c + p + 10. Let v(u) = u - 2. Let d be v(c). Calculate r(d).
1
Let q(x) = -11*x + 0 + 26*x - 13*x - 9. Determine q(6).
3
Let z be ((-10)/15 + 7/6)*-12. Let s(a) = a - 2 + 0 - 2*a. Let c(d) = d + 1. Let t(h) = z*c(h) - 5*s(h). Calculate t(4).
0
Let h(s) be the second derivative of -s**4/12 + 7*s**3/6 - 4*s**2 + 6*s. Let v(p) = p**3 - 2*p**2 - p. Let x be v(3). Give h(x).
-2
Let m(z) = -2*z**2 + 13*z - 32. Let b be m(8). Let h = b + 51. Let w(x) = -x**3 - 6*x**2 - 3*x + 1. Calculate w(h).
-9
Let g = -10 + 11. Let z(t) = -19*t**2 - t. Let x be z(g). Let y be (-3)/2*x/(-30). Let m(s) = -3*s**3 + 2*s**2 - 1. Determine m(y).
4
Suppose 3*s + u - 25 = -2*s, 0 = s - 2*u - 5. Suppose g + s = -0*g. Let a(k) = -38*k - 28. Let i(c) = -4*c - 3. Let w(l) = -a(l) + 10*i(l). Determine